{"id":5091,"date":"2025-10-29T13:08:31","date_gmt":"2025-10-29T13:08:31","guid":{"rendered":"https:\/\/ditled.dk\/?page_id=5091"},"modified":"2025-10-29T13:17:07","modified_gmt":"2025-10-29T13:17:07","slug":"om-ditled","status":"publish","type":"page","link":"https:\/\/ditled.dk\/index.php\/om-ditled\/","title":{"rendered":"Om DitLED"},"content":{"rendered":"\t\t<div data-elementor-type=\"wp-page\" data-elementor-id=\"5091\" class=\"elementor elementor-5091\" data-elementor-post-type=\"page\">\n\t\t\t\t\t\t<section class=\"elementor-section elementor-top-section elementor-element elementor-element-df35be5 elementor-section-boxed elementor-section-height-default elementor-section-height-default\" data-id=\"df35be5\" data-element_type=\"section\">\n\t\t\t\t\t\t<div class=\"elementor-container elementor-column-gap-custom\">\n\t\t\t\t\t<div class=\"elementor-column elementor-col-100 elementor-top-column elementor-element elementor-element-cffc5a0\" data-id=\"cffc5a0\" data-element_type=\"column\">\n\t\t\t<div class=\"elementor-widget-wrap elementor-element-populated\">\n\t\t\t\t\t\t<div class=\"elementor-element elementor-element-32562da elementor-widget elementor-widget-heading\" data-id=\"32562da\" data-element_type=\"widget\" data-widget_type=\"heading.default\">\n\t\t\t\t\t<h2 class=\"elementor-heading-title elementor-size-default\">Om DitLED.dk<\/h2>\t\t\t\t<\/div>\n\t\t\t\t<div class=\"elementor-element elementor-element-7a5f629 elementor-widget elementor-widget-text-editor\" data-id=\"7a5f629\" data-element_type=\"widget\" data-widget_type=\"text-editor.default\">\n\t\t\t\t\t\t\t\t\t<p><strong data-start=\"312\" data-end=\"325\">DitLED.dk<\/strong> er din danske specialist i moderne belysningsl\u00f8sninger. Vi er stolte af at levere LED-produkter af h\u00f8j kvalitet til b\u00e5de private og erhverv, med fokus p\u00e5 energieffektivitet, lang levetid og et flot lysudbytte, der skaber de rette rammer i ethvert rum.<\/p><p>Virksomheden er grundlagt af <strong data-start=\"610\" data-end=\"626\">Jepotech ApS<\/strong>, som har mange \u00e5rs erfaring inden for sikkerhed og belysning til landbrugsmaskiner. Med en solid baggrund i el- og teknikbranchen bygger DitLed.dk p\u00e5 praktisk viden, kvalitetssans og et \u00f8nske om at g\u00f8re det nemt for kunderne at v\u00e6lge den rigtige belysning.<\/p><p data-start=\"901\" data-end=\"1119\">Vi tror p\u00e5, at godt lys g\u00f8r en forskel \u2013 b\u00e5de for milj\u00f8et, \u00f8konomien og livskvaliteten. Derfor udv\u00e6lger vi n\u00f8je vores produkter fra p\u00e5lidelige producenter og r\u00e5dgiver gerne om den bedste l\u00f8sning til netop dine behov.<\/p><p data-start=\"1121\" data-end=\"1142\">Hos DitLED.dk f\u00e5r du:<\/p><ul data-start=\"1143\" data-end=\"1382\"><li data-start=\"1143\" data-end=\"1199\"><p data-start=\"1145\" data-end=\"1199\"><strong data-start=\"1145\" data-end=\"1167\">Kvalitetsprodukter<\/strong> til konkurrencedygtige priser<\/p><\/li><li data-start=\"1200\" data-end=\"1266\"><p data-start=\"1202\" data-end=\"1266\"><strong data-start=\"1202\" data-end=\"1229\">Professionel r\u00e5dgivning<\/strong> med r\u00f8dder i el- og energibranchen<\/p><\/li><li data-start=\"1267\" data-end=\"1310\"><p data-start=\"1269\" data-end=\"1310\"><strong data-start=\"1269\" data-end=\"1288\">Hurtig levering<\/strong> og god kundeservice<\/p><\/li><li data-start=\"1311\" data-end=\"1382\"><p data-start=\"1313\" data-end=\"1382\">En <strong data-start=\"1316\" data-end=\"1327\">partner<\/strong>, der tager ansvar for b\u00e5de milj\u00f8 og tilfredse kunder<\/p><\/li><\/ul><p data-start=\"1384\" data-end=\"1483\">Vi er ikke bare en webshop \u2013 vi er din samarbejdspartner, n\u00e5r det g\u00e6lder lys, energi og kvalitet.<\/p><p>\u00a0<\/p>\t\t\t\t\t\t\t\t<\/div>\n\t\t\t\t\t<\/div>\n\t\t<\/div>\n\t\t\t\t\t<\/div>\n\t\t<\/section>\n\t\t\t\t<\/div>\n\t\t","protected":false},"excerpt":{"rendered":"<p>Om DitLED.dk DitLED.dk er din danske specialist i moderne belysningsl\u00f8sninger. Vi er stolte af at levere LED-produkter af h\u00f8j kvalitet til b\u00e5de private og erhverv,&#8230;<\/p>\n","protected":false},"author":1,"featured_media":0,"parent":0,"menu_order":0,"comment_status":"closed","ping_status":"closed","template":"","meta":{"footnotes":""},"class_list":["post-5091","page","type-page","status-publish","hentry"],"_links":{"self":[{"href":"https:\/\/ditled.dk\/index.php\/wp-json\/wp\/v2\/pages\/5091","targetHints":{"allow":["GET"]}}],"collection":[{"href":"https:\/\/ditled.dk\/index.php\/wp-json\/wp\/v2\/pages"}],"about":[{"href":"https:\/\/ditled.dk\/index.php\/wp-json\/wp\/v2\/types\/page"}],"author":[{"embeddable":true,"href":"https:\/\/ditled.dk\/index.php\/wp-json\/wp\/v2\/users\/1"}],"replies":[{"embeddable":true,"href":"https:\/\/ditled.dk\/index.php\/wp-json\/wp\/v2\/comments?post=5091"}],"version-history":[{"count":5,"href":"https:\/\/ditled.dk\/index.php\/wp-json\/wp\/v2\/pages\/5091\/revisions"}],"predecessor-version":[{"id":5100,"href":"https:\/\/ditled.dk\/index.php\/wp-json\/wp\/v2\/pages\/5091\/revisions\/5100"}],"wp:attachment":[{"href":"https:\/\/ditled.dk\/index.php\/wp-json\/wp\/v2\/media?parent=5091"}],"curies":[{"name":"wp","href":"https:\/\/api.w.org\/{rel}","templated":true}]}}