{"id":5202,"date":"2025-11-27T07:41:28","date_gmt":"2025-11-27T07:41:28","guid":{"rendered":"https:\/\/ditled.dk\/?post_type=product&#038;p=5202"},"modified":"2025-11-27T07:41:32","modified_gmt":"2025-11-27T07:41:32","slug":"tm400","status":"publish","type":"product","link":"https:\/\/ditled.dk\/index.php\/product\/tm400\/","title":{"rendered":"TM400"},"content":{"rendered":"<p>D\u00e6ktryksm\u00e5ler til motorcykel. Lille transportabel monitor til at b\u00e6re i lommen\u00a0og 2 sensorer, der skrues p\u00e5\u00a0ventilen i stedet for st\u00f8vh\u00e6tten.<\/p>\n<p>Monitoren har en insisterende\u00a0\u201cvibra\u201d funktion s\u00e5 man kan f\u00f8le\u00a0n\u00e5r der kommer en\u00a0alarm.<\/p>\n<p>M\u00e5ler\u00a0op til 60 psi (4,14 bar) med en n\u00f8jagtighed p\u00e5 \u00b11 psi<\/p>\n<p>Monitoren bruger 2 AAA batterier og sensorene bruger et knap celle lithium batteri der har kapacitet til 300-500 timers drift.<\/p>\n<p>Sensoren p\u00e5virker afbalanceringen med 10g derfor b\u00f8r den v\u00e6re monteret under afbalancering af hjulet.<\/p>\n","protected":false},"excerpt":{"rendered":"<div class=\"woocommerce-product-details__short-description\">\n<p>D\u00e6ktryksm\u00e5ler til Motorcykler<\/p>\n<\/div>\n","protected":false},"featured_media":4320,"template":"","meta":[],"etheme_brands":[],"product_brand":[74],"product_cat":[181,182],"product_tag":[],"class_list":{"0":"post-5202","1":"product","2":"type-product","3":"status-publish","4":"has-post-thumbnail","6":"product_brand-tiremoni","7":"product_cat-daektryksmaalere","8":"product_cat-op-til-2-hjul","10":"first","11":"instock","12":"taxable","13":"shipping-taxable","14":"purchasable","15":"product-type-simple"},"_links":{"self":[{"href":"https:\/\/ditled.dk\/index.php\/wp-json\/wp\/v2\/product\/5202","targetHints":{"allow":["GET"]}}],"collection":[{"href":"https:\/\/ditled.dk\/index.php\/wp-json\/wp\/v2\/product"}],"about":[{"href":"https:\/\/ditled.dk\/index.php\/wp-json\/wp\/v2\/types\/product"}],"version-history":[{"count":1,"href":"https:\/\/ditled.dk\/index.php\/wp-json\/wp\/v2\/product\/5202\/revisions"}],"predecessor-version":[{"id":5232,"href":"https:\/\/ditled.dk\/index.php\/wp-json\/wp\/v2\/product\/5202\/revisions\/5232"}],"wp:featuredmedia":[{"embeddable":true,"href":"https:\/\/ditled.dk\/index.php\/wp-json\/wp\/v2\/media\/4320"}],"wp:attachment":[{"href":"https:\/\/ditled.dk\/index.php\/wp-json\/wp\/v2\/media?parent=5202"}],"wp:term":[{"taxonomy":"brand","embeddable":true,"href":"https:\/\/ditled.dk\/index.php\/wp-json\/wp\/v2\/etheme_brands?post=5202"},{"taxonomy":"product_brand","embeddable":true,"href":"https:\/\/ditled.dk\/index.php\/wp-json\/wp\/v2\/product_brand?post=5202"},{"taxonomy":"product_cat","embeddable":true,"href":"https:\/\/ditled.dk\/index.php\/wp-json\/wp\/v2\/product_cat?post=5202"},{"taxonomy":"product_tag","embeddable":true,"href":"https:\/\/ditled.dk\/index.php\/wp-json\/wp\/v2\/product_tag?post=5202"}],"curies":[{"name":"wp","href":"https:\/\/api.w.org\/{rel}","templated":true}]}}