{"id":5203,"date":"2025-11-27T07:41:28","date_gmt":"2025-11-27T07:41:28","guid":{"rendered":"https:\/\/ditled.dk\/?post_type=product&#038;p=5203"},"modified":"2025-11-27T07:41:32","modified_gmt":"2025-11-27T07:41:32","slug":"tm100","status":"publish","type":"product","link":"https:\/\/ditled.dk\/index.php\/product\/tm100\/","title":{"rendered":"TM100"},"content":{"rendered":"<p>Display og 4 sensorer, der skrues direkte p\u00e5 ventilen i stedet for ventilh\u00e6tten. M\u00e5ler op 60 psi (4.14 bar) med en n\u00f8jagtighed p\u00e5\u00a0 \u00b11 psi<br \/>\nDisplay kan enten tilsluttes 12V cigart\u00e6nder stik eller benyttes med 2 stk. AA batterier (medf\u00f8lger).<\/p>\n<p>Sonsorene benytter knapceller der har kapacitet til 20-30.000 km eller et \u00e5r.<\/p>\n<p>&nbsp;<\/p>\n<p><strong>Produktvideo:<\/strong><\/p>\n<div style=\"width: 640px;\" class=\"wp-video\"><video class=\"wp-video-shortcode\" id=\"video-5203-1\" width=\"640\" height=\"360\" preload=\"metadata\" controls=\"controls\"><source type=\"video\/mp4\" src=\"https:\/\/jepotech.dk\/Video\/TM100.mp4?_=1\" \/><a href=\"https:\/\/jepotech.dk\/Video\/TM100.mp4\">https:\/\/jepotech.dk\/Video\/TM100.mp4<\/a><\/video><\/div>\n","protected":false},"excerpt":{"rendered":"<div class=\"woocommerce-product-details__short-description\">\n<p>D\u00e6ktryks overv\u00e5gning til personbiler\u00a0med max\u00a060 psi\u00a0d\u00e6ktryk<\/p>\n<\/div>\n","protected":false},"featured_media":4322,"template":"","meta":[],"etheme_brands":[],"product_brand":[74],"product_cat":[181,183],"product_tag":[],"class_list":{"0":"post-5203","1":"product","2":"type-product","3":"status-publish","4":"has-post-thumbnail","6":"product_brand-tiremoni","7":"product_cat-daektryksmaalere","8":"product_cat-op-til-4-hjul","10":"first","11":"instock","12":"taxable","13":"shipping-taxable","14":"purchasable","15":"product-type-simple"},"_links":{"self":[{"href":"https:\/\/ditled.dk\/index.php\/wp-json\/wp\/v2\/product\/5203","targetHints":{"allow":["GET"]}}],"collection":[{"href":"https:\/\/ditled.dk\/index.php\/wp-json\/wp\/v2\/product"}],"about":[{"href":"https:\/\/ditled.dk\/index.php\/wp-json\/wp\/v2\/types\/product"}],"version-history":[{"count":1,"href":"https:\/\/ditled.dk\/index.php\/wp-json\/wp\/v2\/product\/5203\/revisions"}],"predecessor-version":[{"id":5233,"href":"https:\/\/ditled.dk\/index.php\/wp-json\/wp\/v2\/product\/5203\/revisions\/5233"}],"wp:featuredmedia":[{"embeddable":true,"href":"https:\/\/ditled.dk\/index.php\/wp-json\/wp\/v2\/media\/4322"}],"wp:attachment":[{"href":"https:\/\/ditled.dk\/index.php\/wp-json\/wp\/v2\/media?parent=5203"}],"wp:term":[{"taxonomy":"brand","embeddable":true,"href":"https:\/\/ditled.dk\/index.php\/wp-json\/wp\/v2\/etheme_brands?post=5203"},{"taxonomy":"product_brand","embeddable":true,"href":"https:\/\/ditled.dk\/index.php\/wp-json\/wp\/v2\/product_brand?post=5203"},{"taxonomy":"product_cat","embeddable":true,"href":"https:\/\/ditled.dk\/index.php\/wp-json\/wp\/v2\/product_cat?post=5203"},{"taxonomy":"product_tag","embeddable":true,"href":"https:\/\/ditled.dk\/index.php\/wp-json\/wp\/v2\/product_tag?post=5203"}],"curies":[{"name":"wp","href":"https:\/\/api.w.org\/{rel}","templated":true}]}}