{"id":5215,"date":"2025-11-27T07:41:30","date_gmt":"2025-11-27T07:41:30","guid":{"rendered":"https:\/\/ditled.dk\/?post_type=product&#038;p=5215"},"modified":"2025-11-27T07:41:34","modified_gmt":"2025-11-27T07:41:34","slug":"samsoe-inkl-jordspyd","status":"publish","type":"product","link":"https:\/\/ditled.dk\/index.php\/product\/samsoe-inkl-jordspyd\/","title":{"rendered":"Sams\u00f8 inkl. jordspyd"},"content":{"rendered":"<p>En lyskilde der g\u00e5r i takt med den gr\u00f8nne b\u00f8lge, f\u00e5 plads til lys alle steder uagtet str\u00f8mkilder. Spar mange penge p\u00e5 str\u00f8m og anl\u00e6gs investeringer, samt let belastningen p\u00e5 milj\u00f8et.<\/p>\n<p>Lampen monteres nemt alle steder og kr\u00e6ver ikke str\u00f8m tilslutninger af nogen art og kan sidde ude i alt slags vejr. Lampen er specielt velegnet til oplysning af udend\u00f8rs arealer og til steder hvor det ikke er muligt at fremf\u00f8re str\u00f8mkilde. Lampen lyser med en kraftig LED kilde og har en levetid p\u00e5 mere end 50.000 timer. Lampen kr\u00e6ver ingen vedligeholdelse og er udf\u00f8rt i kraftige materialer, der er flot designet s\u00e5 den passer ind stort set alle steder. Gangarealer, pladser, installationer m.v. oplyses nemt og effektivt med denne bedlampe.<\/p>\n<p>Bedlampen t\u00e6nder selv ved m\u00f8rkets frembrud og slukker ved solopgang. Lampen kan lyse ved fuld opladning i op til 15 timer. En fuld opladning klares p\u00e5 kun 6 timer ved fuld solskin. En normal dansk sommerdag med vekslende skyd\u00e6kke kan sagtens oplade lampen fuldt op, men ved gr\u00e5vejr oplades lampen ikke fuldt, men kan stadig virke i rigelig tid gennem natten.<\/p>\n<p><b>Tekniske specifikationer.:<br \/>\n<\/b><\/p>\n<p>Solar Panel: 9V\/5,5W Monokrystalinske solceller klasse A<\/p>\n<p>LED P\u00e6rer: 3,5W 10*18 Mil Epistar chip<\/p>\n<p>Lysflow: 385lm \u2013 420lm<\/p>\n<p>Lys farve temperatur: 3000K \u2013 7500K<\/p>\n<p>Lys Vinkel: 120 grader<\/p>\n<p>Batteri: 6,4V, 5Ah LifePO Lithium<\/p>\n<p>Afladningstid (Brugstid): 23 Timer<\/p>\n<p>Opladningstid: 6 \u2013 14 timer (Afh\u00e6ngig af sol indstr\u00e5ling)<\/p>\n<p>Materialer: 6063 Aluminium PC<\/p>\n<p>Arbejdstemperatur: -25\u00b4til +55\u00b4<\/p>\n<p>Netto v\u00e6gt: 3,5 Kg.<\/p>\n<p>&nbsp;<\/p>\n<p><strong>Produktvideo:<\/strong><\/p>\n<p><iframe width=\"560\" height=\"315\" src=\"https:\/\/www.youtube.com\/embed\/qYwxyxPF3t4\" title=\"YouTube video player\" frameborder=\"0\" allow=\"accelerometer; autoplay; clipboard-write; encrypted-media; gyroscope; picture-in-picture; web-share\" allowfullscreen><\/iframe><\/p>\n","protected":false},"excerpt":{"rendered":"<p>En lyskilde der g\u00e5r i takt med den gr\u00f8nne b\u00f8lge, f\u00e5 plads til lys alle steder uagtet str\u00f8mkilder. Spar mange penge p\u00e5 str\u00f8m og anl\u00e6gs investeringer, samt let belastningen p\u00e5 milj\u00f8et.<\/p>\n<p>Lampen har en h\u00f8jde p\u00e5 80 cm<\/p>\n","protected":false},"featured_media":4348,"template":"","meta":[],"etheme_brands":[],"product_brand":[81],"product_cat":[189,188],"product_tag":[],"class_list":{"0":"post-5215","1":"product","2":"type-product","3":"status-publish","4":"has-post-thumbnail","6":"product_brand-jepotech","7":"product_cat-saet","8":"product_cat-solcellelamper","10":"first","11":"instock","12":"taxable","13":"shipping-taxable","14":"purchasable","15":"product-type-simple"},"_links":{"self":[{"href":"https:\/\/ditled.dk\/index.php\/wp-json\/wp\/v2\/product\/5215","targetHints":{"allow":["GET"]}}],"collection":[{"href":"https:\/\/ditled.dk\/index.php\/wp-json\/wp\/v2\/product"}],"about":[{"href":"https:\/\/ditled.dk\/index.php\/wp-json\/wp\/v2\/types\/product"}],"version-history":[{"count":1,"href":"https:\/\/ditled.dk\/index.php\/wp-json\/wp\/v2\/product\/5215\/revisions"}],"predecessor-version":[{"id":5245,"href":"https:\/\/ditled.dk\/index.php\/wp-json\/wp\/v2\/product\/5215\/revisions\/5245"}],"wp:featuredmedia":[{"embeddable":true,"href":"https:\/\/ditled.dk\/index.php\/wp-json\/wp\/v2\/media\/4348"}],"wp:attachment":[{"href":"https:\/\/ditled.dk\/index.php\/wp-json\/wp\/v2\/media?parent=5215"}],"wp:term":[{"taxonomy":"brand","embeddable":true,"href":"https:\/\/ditled.dk\/index.php\/wp-json\/wp\/v2\/etheme_brands?post=5215"},{"taxonomy":"product_brand","embeddable":true,"href":"https:\/\/ditled.dk\/index.php\/wp-json\/wp\/v2\/product_brand?post=5215"},{"taxonomy":"product_cat","embeddable":true,"href":"https:\/\/ditled.dk\/index.php\/wp-json\/wp\/v2\/product_cat?post=5215"},{"taxonomy":"product_tag","embeddable":true,"href":"https:\/\/ditled.dk\/index.php\/wp-json\/wp\/v2\/product_tag?post=5215"}],"curies":[{"name":"wp","href":"https:\/\/api.w.org\/{rel}","templated":true}]}}