{"id":5218,"date":"2025-11-27T07:41:30","date_gmt":"2025-11-27T07:41:30","guid":{"rendered":"https:\/\/ditled.dk\/?post_type=product&#038;p=5218"},"modified":"2025-11-27T07:41:35","modified_gmt":"2025-11-27T07:41:35","slug":"jordspyd","status":"publish","type":"product","link":"https:\/\/ditled.dk\/index.php\/product\/jordspyd\/","title":{"rendered":"Jordspyd"},"content":{"rendered":"","protected":false},"excerpt":{"rendered":"<p>Jordspyd i st\u00f8bejern, robust udf\u00f8rsel i vejrbestandig kvalitet. Kan stikkes ned i bl\u00f8dt underlag som jord og gr\u00e6s, eller st\u00f8bes i beton.<\/p>\n<p>Passer til alle modeller<\/p>\n","protected":false},"featured_media":4354,"template":"","meta":[],"etheme_brands":[],"product_brand":[81],"product_cat":[188,190],"product_tag":[],"class_list":{"0":"post-5218","1":"product","2":"type-product","3":"status-publish","4":"has-post-thumbnail","6":"product_brand-jepotech","7":"product_cat-solcellelamper","8":"product_cat-tilbehoer","10":"first","11":"instock","12":"taxable","13":"shipping-taxable","14":"purchasable","15":"product-type-simple"},"_links":{"self":[{"href":"https:\/\/ditled.dk\/index.php\/wp-json\/wp\/v2\/product\/5218","targetHints":{"allow":["GET"]}}],"collection":[{"href":"https:\/\/ditled.dk\/index.php\/wp-json\/wp\/v2\/product"}],"about":[{"href":"https:\/\/ditled.dk\/index.php\/wp-json\/wp\/v2\/types\/product"}],"version-history":[{"count":1,"href":"https:\/\/ditled.dk\/index.php\/wp-json\/wp\/v2\/product\/5218\/revisions"}],"predecessor-version":[{"id":5248,"href":"https:\/\/ditled.dk\/index.php\/wp-json\/wp\/v2\/product\/5218\/revisions\/5248"}],"wp:featuredmedia":[{"embeddable":true,"href":"https:\/\/ditled.dk\/index.php\/wp-json\/wp\/v2\/media\/4354"}],"wp:attachment":[{"href":"https:\/\/ditled.dk\/index.php\/wp-json\/wp\/v2\/media?parent=5218"}],"wp:term":[{"taxonomy":"brand","embeddable":true,"href":"https:\/\/ditled.dk\/index.php\/wp-json\/wp\/v2\/etheme_brands?post=5218"},{"taxonomy":"product_brand","embeddable":true,"href":"https:\/\/ditled.dk\/index.php\/wp-json\/wp\/v2\/product_brand?post=5218"},{"taxonomy":"product_cat","embeddable":true,"href":"https:\/\/ditled.dk\/index.php\/wp-json\/wp\/v2\/product_cat?post=5218"},{"taxonomy":"product_tag","embeddable":true,"href":"https:\/\/ditled.dk\/index.php\/wp-json\/wp\/v2\/product_tag?post=5218"}],"curies":[{"name":"wp","href":"https:\/\/api.w.org\/{rel}","templated":true}]}}