{"id":5263,"date":"2025-11-27T07:41:39","date_gmt":"2025-11-27T07:41:39","guid":{"rendered":"https:\/\/ditled.dk\/?post_type=product&#038;p=5263"},"modified":"2025-11-27T07:41:43","modified_gmt":"2025-11-27T07:41:43","slug":"imood-g4-smart-paerer-startkit","status":"publish","type":"product","link":"https:\/\/ditled.dk\/index.php\/product\/imood-g4-smart-paerer-startkit\/","title":{"rendered":"IMOOD G4 SMART P\u00c6RER \u2013 STARTKIT"},"content":{"rendered":"<p>Styr belysningen i din campingvogn eller autocamper med mobilen eller tablet.<br \/>\nMed IMOOD smart belysning er det nu muligt at t\u00e6nde, slukke samt d\u00e6mpe lyset i varm hvid eller 16.8 millioner forskellige farver med f\u00e5 klik.<br \/>\nIMOOD P\u00e6rerne kan betjenes b\u00e5de med Google Android og Apple IOS.<\/p>\n<p><strong>Tekniske Specifikationer:<br \/>\n<\/strong>SOKKEL: G4<br \/>\nFARVE: RGBW<br \/>\nDRIFTSP\u00c6NDING: 12V<br \/>\nWATT: 3.5W<br \/>\nLUMENS: 160LM<br \/>\nFARVEGENGIVELSE: 80 RA<br \/>\nLEVETID: 25,000 TIMER<br \/>\nMATERIALE: CERAMIC<br \/>\nSTYRING: BLUETOOTH<br \/>\nANTAL P\u00c6RER: 2 STK<\/p>\n<p>&nbsp;<\/p>\n<p><strong>Produktvideo:<\/strong><\/p>\n<p><iframe width=\"560\" height=\"315\" src=\"https:\/\/www.youtube.com\/embed\/z8dF-hWLUNw\" title=\"YouTube video player\" frameborder=\"0\" allow=\"accelerometer; autoplay; clipboard-write; encrypted-media; gyroscope; picture-in-picture; web-share\" allowfullscreen><\/iframe><\/p>\n","protected":false},"excerpt":{"rendered":"<p>Styr belysningen i din campingvogn eller autocamper med mobilen eller tablet.<br \/>\nMed IMOOD smart belysning er det nu muligt at t\u00e6nde, slukke samt d\u00e6mpe lyset i varm hvid eller 16.8 millioner forskellige farver med f\u00e5 klik.<br \/>\nIMOOD P\u00e6rerne kan betjenes b\u00e5de med Google Android og Apple IOS.<\/p>\n","protected":false},"featured_media":4408,"template":"","meta":[],"etheme_brands":[],"product_brand":[],"product_cat":[201,200,191],"product_tag":[],"class_list":{"0":"post-5263","1":"product","2":"type-product","3":"status-publish","4":"has-post-thumbnail","6":"product_cat-g4","7":"product_cat-imood-smart-belysning","8":"product_cat-led-belysning","10":"first","11":"instock","12":"taxable","13":"shipping-taxable","14":"purchasable","15":"product-type-simple"},"_links":{"self":[{"href":"https:\/\/ditled.dk\/index.php\/wp-json\/wp\/v2\/product\/5263","targetHints":{"allow":["GET"]}}],"collection":[{"href":"https:\/\/ditled.dk\/index.php\/wp-json\/wp\/v2\/product"}],"about":[{"href":"https:\/\/ditled.dk\/index.php\/wp-json\/wp\/v2\/types\/product"}],"version-history":[{"count":1,"href":"https:\/\/ditled.dk\/index.php\/wp-json\/wp\/v2\/product\/5263\/revisions"}],"predecessor-version":[{"id":5289,"href":"https:\/\/ditled.dk\/index.php\/wp-json\/wp\/v2\/product\/5263\/revisions\/5289"}],"wp:featuredmedia":[{"embeddable":true,"href":"https:\/\/ditled.dk\/index.php\/wp-json\/wp\/v2\/media\/4408"}],"wp:attachment":[{"href":"https:\/\/ditled.dk\/index.php\/wp-json\/wp\/v2\/media?parent=5263"}],"wp:term":[{"taxonomy":"brand","embeddable":true,"href":"https:\/\/ditled.dk\/index.php\/wp-json\/wp\/v2\/etheme_brands?post=5263"},{"taxonomy":"product_brand","embeddable":true,"href":"https:\/\/ditled.dk\/index.php\/wp-json\/wp\/v2\/product_brand?post=5263"},{"taxonomy":"product_cat","embeddable":true,"href":"https:\/\/ditled.dk\/index.php\/wp-json\/wp\/v2\/product_cat?post=5263"},{"taxonomy":"product_tag","embeddable":true,"href":"https:\/\/ditled.dk\/index.php\/wp-json\/wp\/v2\/product_tag?post=5263"}],"curies":[{"name":"wp","href":"https:\/\/api.w.org\/{rel}","templated":true}]}}