{"id":5366,"date":"2025-11-27T07:41:58","date_gmt":"2025-11-27T07:41:58","guid":{"rendered":"https:\/\/ditled.dk\/?post_type=product&#038;p=5366"},"modified":"2025-11-27T07:42:04","modified_gmt":"2025-11-27T07:42:04","slug":"led-lysstofroer","status":"publish","type":"product","link":"https:\/\/ditled.dk\/index.php\/product\/led-lysstofroer\/","title":{"rendered":"LED Lysstofr\u00f8r"},"content":{"rendered":"<p>Byt dine gamle lysstofr\u00f8r ud med LED.<br \/>\nDisse 30 cm lysstofr\u00f8r er velegnet til campingvogne, autocampere og b\u00e5de.<\/p>\n<p>LED p\u00e6rerne er bygget med en SMS2935 chip som giver dig et str\u00e5lende belysning.<\/p>\n<p>Med denne p\u00e6re vil du have en energi besparelse p\u00e5 over 50%<\/p>\n<p>&nbsp;<\/p>\n<p><b>Tekniske specifikationer:<\/b><\/p>\n<p>Forbrug: 5W \u2013 12VDC<br \/>\nLys farve: Varm hvid<br \/>\nFarvetemperatur: 2700K<br \/>\nLumen: ca. 500<br \/>\nRA v\u00e6rdi: 85<br \/>\nLevetid: op til 50.000 timer<br \/>\nM\u00e5l: \u00d816\u00d7300 mm<\/p>\n","protected":false},"excerpt":{"rendered":"<p>Byt dine gamle lysstofr\u00f8r ud med LED.<br \/>\nDisse 30 cm lysstofr\u00f8r er velegnet til campingvogne, autocampere og b\u00e5de.<\/p>\n","protected":false},"featured_media":4563,"template":"","meta":[],"etheme_brands":[],"product_brand":[],"product_cat":[191,225],"product_tag":[],"class_list":{"0":"post-5366","1":"product","2":"type-product","3":"status-publish","4":"has-post-thumbnail","6":"product_cat-led-belysning","7":"product_cat-led-lysstofroer","9":"first","10":"instock","11":"taxable","12":"shipping-taxable","13":"purchasable","14":"product-type-simple"},"_links":{"self":[{"href":"https:\/\/ditled.dk\/index.php\/wp-json\/wp\/v2\/product\/5366","targetHints":{"allow":["GET"]}}],"collection":[{"href":"https:\/\/ditled.dk\/index.php\/wp-json\/wp\/v2\/product"}],"about":[{"href":"https:\/\/ditled.dk\/index.php\/wp-json\/wp\/v2\/types\/product"}],"version-history":[{"count":1,"href":"https:\/\/ditled.dk\/index.php\/wp-json\/wp\/v2\/product\/5366\/revisions"}],"predecessor-version":[{"id":5396,"href":"https:\/\/ditled.dk\/index.php\/wp-json\/wp\/v2\/product\/5366\/revisions\/5396"}],"wp:featuredmedia":[{"embeddable":true,"href":"https:\/\/ditled.dk\/index.php\/wp-json\/wp\/v2\/media\/4563"}],"wp:attachment":[{"href":"https:\/\/ditled.dk\/index.php\/wp-json\/wp\/v2\/media?parent=5366"}],"wp:term":[{"taxonomy":"brand","embeddable":true,"href":"https:\/\/ditled.dk\/index.php\/wp-json\/wp\/v2\/etheme_brands?post=5366"},{"taxonomy":"product_brand","embeddable":true,"href":"https:\/\/ditled.dk\/index.php\/wp-json\/wp\/v2\/product_brand?post=5366"},{"taxonomy":"product_cat","embeddable":true,"href":"https:\/\/ditled.dk\/index.php\/wp-json\/wp\/v2\/product_cat?post=5366"},{"taxonomy":"product_tag","embeddable":true,"href":"https:\/\/ditled.dk\/index.php\/wp-json\/wp\/v2\/product_tag?post=5366"}],"curies":[{"name":"wp","href":"https:\/\/api.w.org\/{rel}","templated":true}]}}