{"id":5612,"date":"2025-11-27T07:42:43","date_gmt":"2025-11-27T07:42:43","guid":{"rendered":"https:\/\/ditled.dk\/?post_type=product&#038;p=5612"},"modified":"2025-11-27T07:42:49","modified_gmt":"2025-11-27T07:42:49","slug":"kulilte-og-roeg-alarm","status":"publish","type":"product","link":"https:\/\/ditled.dk\/index.php\/product\/kulilte-og-roeg-alarm\/","title":{"rendered":"Kulilte- og R\u00f8g Alarm"},"content":{"rendered":"<p>KULILTE &#8211; R\u00d8G ALARM<br \/>\n&#8211; H\u00f8j n\u00f8jagtig elektrokemisk kulilte sensor<br \/>\n&#8211; infrar\u00f8d fotoelektrisk r\u00f8g sensor<br \/>\n&#8211; LCD-sk\u00e6rm koncentration PPM<br \/>\n&#8211; 3*1,5V AA batterier (ikke inkluderet)<\/p>\n<p>(CO) Kulilte, carbonmonoxid, kulmonoxid eller kulos er lugtfri og meget farlig da man ikke opdager den. Kulilten fortr\u00e6nger ilten i blodet og er derfor d\u00f8delig.<br \/>\nKulilte opst\u00e5r ved ufuldst\u00e6ndig forbr\u00e6nding som f\u00f8lge af manglende tilf\u00f8rsel af frisk ilt.<\/p>\n<p>&nbsp;<\/p>\n<p>Tekniske specifikationer:<br \/>\n&#8211; Effektiv elektrokemisk sensor (kulilte)<br \/>\n&#8211; Infrar\u00f8d fotoelektrisk sensor (R\u00f8g)<br \/>\n&#8211; LCD-sk\u00e6rm koncentration PPM<br \/>\n&#8211; 3*1,5V AA batterier (ikke inkluderet)<br \/>\n&#8211; Ultralang standbytid, lavt str\u00f8mforbrug<br \/>\n&#8211; Advarsel om lavt batteriniveau<br \/>\n&#8211; Lyd &amp; blitzalarm &amp; LED, der indikerer alarm<br \/>\n&#8211; M\u00e5l: 37x107mm<br \/>\n&#8211; Opfylder: EN14604 &amp; EN50291<\/p>\n","protected":false},"excerpt":{"rendered":"<p>KULILTE &#8211; R\u00d8G ALARM<br \/>\n&#8211; H\u00f8j n\u00f8jagtig elektrokemisk kulilte sensor<br \/>\n&#8211; infrar\u00f8d fotoelektrisk r\u00f8g sensor<br \/>\n&#8211; LCD-sk\u00e6rm koncentration PPM<br \/>\n&#8211; 3*1,5V AA batterier (ikke inkluderet)<\/p>\n","protected":false},"featured_media":4940,"template":"","meta":[],"etheme_brands":[],"product_brand":[81],"product_cat":[279,280],"product_tag":[],"class_list":{"0":"post-5612","1":"product","2":"type-product","3":"status-publish","4":"has-post-thumbnail","6":"product_brand-jepotech","7":"product_cat-gas-kulilte-og-roeg-alarmer","8":"product_cat-kuliltealarm","10":"first","11":"instock","12":"taxable","13":"shipping-taxable","14":"purchasable","15":"product-type-simple"},"_links":{"self":[{"href":"https:\/\/ditled.dk\/index.php\/wp-json\/wp\/v2\/product\/5612","targetHints":{"allow":["GET"]}}],"collection":[{"href":"https:\/\/ditled.dk\/index.php\/wp-json\/wp\/v2\/product"}],"about":[{"href":"https:\/\/ditled.dk\/index.php\/wp-json\/wp\/v2\/types\/product"}],"version-history":[{"count":1,"href":"https:\/\/ditled.dk\/index.php\/wp-json\/wp\/v2\/product\/5612\/revisions"}],"predecessor-version":[{"id":5635,"href":"https:\/\/ditled.dk\/index.php\/wp-json\/wp\/v2\/product\/5612\/revisions\/5635"}],"wp:featuredmedia":[{"embeddable":true,"href":"https:\/\/ditled.dk\/index.php\/wp-json\/wp\/v2\/media\/4940"}],"wp:attachment":[{"href":"https:\/\/ditled.dk\/index.php\/wp-json\/wp\/v2\/media?parent=5612"}],"wp:term":[{"taxonomy":"brand","embeddable":true,"href":"https:\/\/ditled.dk\/index.php\/wp-json\/wp\/v2\/etheme_brands?post=5612"},{"taxonomy":"product_brand","embeddable":true,"href":"https:\/\/ditled.dk\/index.php\/wp-json\/wp\/v2\/product_brand?post=5612"},{"taxonomy":"product_cat","embeddable":true,"href":"https:\/\/ditled.dk\/index.php\/wp-json\/wp\/v2\/product_cat?post=5612"},{"taxonomy":"product_tag","embeddable":true,"href":"https:\/\/ditled.dk\/index.php\/wp-json\/wp\/v2\/product_tag?post=5612"}],"curies":[{"name":"wp","href":"https:\/\/api.w.org\/{rel}","templated":true}]}}