{"id":5614,"date":"2025-11-27T07:42:44","date_gmt":"2025-11-27T07:42:44","guid":{"rendered":"https:\/\/ditled.dk\/?post_type=product&#038;p=5614"},"modified":"2025-11-27T07:42:49","modified_gmt":"2025-11-27T07:42:49","slug":"triple-gas-v3-alarm","status":"publish","type":"product","link":"https:\/\/ditled.dk\/index.php\/product\/triple-gas-v3-alarm\/","title":{"rendered":"TRIPLE GAS V3 ALARM\u2122"},"content":{"rendered":"<p>Den professionelle 12V\/24V gasdetektor med intern og ekstern sensor til din autocamper, campingvogn, b\u00e5d, lastbil og sommerhus.<\/p>\n<p>F\u00e5 ro i sindet p\u00e5 din ferie, mens du sover, for dig, dine b\u00f8rn og dine k\u00e6ledyr.<br \/>\nTriple Gas V3 Alarmen\u2122 er udviklet til at advare dig i alle disse tilf\u00e6lde. Alarmen er den nyeste og mest innovative alarm, som er velegnet til b\u00e5de tunge og lette gasser, grundet den ekstra sensor.<\/p>\n<p>Den er helt ny designet og endnu mere effektiv.<\/p>\n<p>Ud over selve designet er funktionen \u00e6ndret p\u00e5 den m\u00e5de, at vi har \u201dspecialiseret\u201d sensorerne, s\u00e5dan at sensoren i hovedenheden registrerer CO (Kulilte) og den eksterne sensor detekterer Butan og Propan samt narkose gasser. Det giver en langt mere sikker funktion, end tidligere.<\/p>\n<p>De betyder, at hovedenheden skal placeres under loftet og den eksterne sensor lidt over gulvet.<\/p>\n<p>Der er nu ogs\u00e5 mulighed for at tilslutte en ekstra sensor til hovedenheden, s\u00e5 der i alt kan tilsluttes 2 eksterne sensorer til hoved hovedenhed.<\/p>\n<p>M\u00e5l p\u00e5 enhederne:<br \/>\nGasalarmen: 20x78mm<br \/>\nSensor: 17x29mm<\/p>\n","protected":false},"excerpt":{"rendered":"<p>Den professionelle 12V\/24V gasdetektor med intern og ekstern sensor til din autocamper, campingvogn, b\u00e5d, lastbil og sommerhus.<\/p>\n<p>F\u00e5 ro i sindet p\u00e5 din ferie, mens du sover, for dig, dine b\u00f8rn og dine k\u00e6ledyr.<\/p>\n","protected":false},"featured_media":4946,"template":"","meta":[],"etheme_brands":[],"product_brand":[],"product_cat":[279,281],"product_tag":[],"class_list":{"0":"post-5614","1":"product","2":"type-product","3":"status-publish","4":"has-post-thumbnail","6":"product_cat-gas-kulilte-og-roeg-alarmer","7":"product_cat-gasalarm","9":"first","10":"instock","11":"taxable","12":"shipping-taxable","13":"purchasable","14":"product-type-simple"},"_links":{"self":[{"href":"https:\/\/ditled.dk\/index.php\/wp-json\/wp\/v2\/product\/5614","targetHints":{"allow":["GET"]}}],"collection":[{"href":"https:\/\/ditled.dk\/index.php\/wp-json\/wp\/v2\/product"}],"about":[{"href":"https:\/\/ditled.dk\/index.php\/wp-json\/wp\/v2\/types\/product"}],"version-history":[{"count":1,"href":"https:\/\/ditled.dk\/index.php\/wp-json\/wp\/v2\/product\/5614\/revisions"}],"predecessor-version":[{"id":5637,"href":"https:\/\/ditled.dk\/index.php\/wp-json\/wp\/v2\/product\/5614\/revisions\/5637"}],"wp:featuredmedia":[{"embeddable":true,"href":"https:\/\/ditled.dk\/index.php\/wp-json\/wp\/v2\/media\/4946"}],"wp:attachment":[{"href":"https:\/\/ditled.dk\/index.php\/wp-json\/wp\/v2\/media?parent=5614"}],"wp:term":[{"taxonomy":"brand","embeddable":true,"href":"https:\/\/ditled.dk\/index.php\/wp-json\/wp\/v2\/etheme_brands?post=5614"},{"taxonomy":"product_brand","embeddable":true,"href":"https:\/\/ditled.dk\/index.php\/wp-json\/wp\/v2\/product_brand?post=5614"},{"taxonomy":"product_cat","embeddable":true,"href":"https:\/\/ditled.dk\/index.php\/wp-json\/wp\/v2\/product_cat?post=5614"},{"taxonomy":"product_tag","embeddable":true,"href":"https:\/\/ditled.dk\/index.php\/wp-json\/wp\/v2\/product_tag?post=5614"}],"curies":[{"name":"wp","href":"https:\/\/api.w.org\/{rel}","templated":true}]}}